32. Give j(-1).
-121
Let y(l) = -128*l**2 + 55941*l - 2230. Give y(437).
-45
Let d(p) = -11*p**3 - 206*p**2 - 29*p - 1658. What is d(-19)?
-24
Let a(h) = 1511*h - 216487. What is a(143)?
-414
Let n(z) = 2*z**3 + 7*z**2 + 538*z + 1056. Give n(-2).
-8
Let i(s) = -s**3 + 30*s**2 - 45*s + 154. What is i(29)?
-310
Let j(k) = 5128*k - 10253. Determine j(2).
3
Let y(j) = j**3 + 338*j**2 + 9514*j - 950. What is y(-307)?
-29
Let d(l) = 57*l**2 + 1862*l + 84. Calculate d(-32).
-1132
Let c(z) = -z**3 - 26*z**2 - 150*z + 95. Calculate c(-21).
1040
Let o(p) = 5210*p + 111330. Determine o(-21).
1920
Let q(j) = -571*j**2 - 21036*j + 3355. What is q(-37)?
-12
Let w(s) = -1170*s - 683367. Calculate w(-584).
-87
Let g(x) = -45*x**2 - 8688*x - 368. Determine g(-193).
211
Let x(d) = -37*d**2 + 2418*d - 915. Determine x(65).
-70
Let j(a) = -1302*a - 330680. Determine j(-254).
28
Let y(x) = -13*x - 2271. Give y(-54).
-1569
Let l(c) = 3*c**2 - 324*c - 1402. What is l(112)?
-58
Let u(g) = -g**2 + 457*g - 36212. Give u(355).
-2
Let v(t) = -945757*t - 1891509. Determine v(-2).
5
Let m(j) = -1082*j + 209891. Give m(194).
-17
Let l(y) = -37557*y + 2. Determine l(0).
2
Let m(n) = 7345*n + 29260. What is m(-4)?
-120
Let d(n) = 209*n + 29802. Calculate d(-177).
-7191
Let p(t) = -27*t**2 + 11*t - 3. Calculate p(-8).
-1819
Let i(u) = -4453*u - 2244313. Give i(-504).
-1
Let n(f) = -f**3 - 94*f**2 - 340*f + 1803. Determine n(-90).
3
Let o(i) = -6*i**2 - 104*i + 1081. Give o(7).
59
Let m(t) = 3*t**2 + 284*t - 1824. Give m(6).
-12
Let x(t) = -5*t**3 - 234*t**2 - 10*t - 2488. Give x(-47).
191
Let w(q) = 59*q + 2024. Calculate w(-71).
-2165
Let z(g) = 17*g**2 - 698*g - 1402. What is z(43)?
17
Let r(a) = 3598*a - 1050614. What is r(292)?
2
Let f(c) = 1134*c - 29311. Determine f(26).
173
Let b(x) = -x**2 + 222*x - 2310. What is b(11)?
11
Let m(p) = -1802003*p + 10812017. Calculate m(6).
-1
Let p(i) = i**3 - 28*i**2 + 48*i - 984. Determine p(27).
-417
Let x(v) = -393*v + 145035. Determine x(369).
18
Let x(a) = -504*a**2 + 104835*a - 558. Give x(208).
66
Let b(r) = 3073431*r + 86056065. Give b(-28).
-3
Let q(l) = 8*l**3 - 53*l**2 + 6*l - 107. What is q(8)?
645
Let w(g) = -4*g**2 + 26735*g + 133621. Determine w(-5).
-154
Let f(q) = 10*q**2 - 1052*q - 950. Calculate f(106).
-102
Let j(w) = -w**3 + 35*w**2 - 204*w - 767. What is j(26)?
13
Let s(y) = 4655*y - 251383. Determine s(54).
-13
Let z(y) = y**2 + 487*y + 16222. Calculate z(-37).
-428
Let i(a) = -24295*a - 24732319. What is i(-1018)?
-9
Let x(w) = -w**3 - 50*w**2 + 874*w - 80. Calculate x(14).
-388
Let k(y) = 167*y + 2658. Determine k(-20).
-682
Let q(j) = -38*j - 2124. What is q(-47)?
-338
Let h(q) = q**2 - 5361*q + 90851. What is h(17)?
3
Let z(a) = 647*a + 23196. Determine z(-36).
-96
Let r(d) = -d**3 - 164*d**2 + 2122*d - 16. Determine r(12).
104
Let h(f) = -4*f**3 + 19*f**2 + 32*f + 2. Give h(-2).
46
Let f(s) = 486*s - 5651. Determine f(11).
-305
Let m(p) = -6*p**2 + 147*p - 615. Calculate m(6).
51
Let o(z) = 2*z**2 + 44091*z - 1147690. Calculate o(26).
28
Let m(i) = i**2 - 16*i - 5102. Calculate m(-65).
163
Let q(h) = 2*h**3 - 494*h**2 + 18801*h - 91. What is q(47)?
-44
Let o(z) = 415*z**2 + 2376*z + 223. What is o(-5)?
-1282
Let n(v) = -70831*v + 9774675. What is n(138)?
-3
Let t(n) = 1579*n - 94200. Give t(60).
540
Let h(v) = -v**2 - 451*v - 43510. Calculate h(-140).
30
Let o(y) = y**2 + 45*y - 8956. Give o(83).
1668
Let y(s) = 420*s**2 - 3423*s + 6835. What is y(2)?
1669
Let q(s) = 19872*s - 1550021. What is q(78)?
-5
Let x(i) = -1209*i + 157226. Calculate x(130).
56
Let w(j) = -j**3 - 18*j**2 + 625*j + 9584. Determine w(-14).
50
Let h(q) = -855*q - 9415. Determine h(-13).
1700
Let u(q) = 7*q**3 - 43*q**2 + 11*q - 3. Give u(6).
27
Let i(t) = -40591*t + 649458. What is i(16)?
2
Let j(t) = t**3 + 26*t**2 - 93*t - 3425. What is j(-24)?
-41
Let d(t) = t**3 - 37*t**2 + 11*t - 452. What is d(37)?
-45
Let g(v) = -v**2 - 1849*v - 672100. What is g(-497)?
-156
Let i(g) = -19998*g - 1459852. What is i(-73)?
2
Let i(h) = -2*h**3 + 329*h**2 + 119*h + 8048. Calculate i(165).
458
Let f(r) = -13*r**3 + 25*r**2 - 13*r + 4. Give f(5).
-1061
Let y(k) = 7*k**3 + 746*k**2 + 602*k + 18863. Determine y(-106).
-5
Let r(m) = -m**2 + 1423*m + 25606. Give r(-18).
-332
Let c(h) = 2161*h - 58567. Determine c(27).
-220
Let j(d) = -d**3 - 107*d**2 - 6*d - 779. Determine j(-107).
-137
Let b(f) = 91642*f + 91643. Determine b(-1).
1
Let i(j) = j**3 - 7*j**2 - 93*j + 706. Give i(8).
26
Let c(w) = w**2 - 675*w + 108354. Give c(263).
-2
Let h(n) = -7240*n + 1252524. Calculate h(173).
4
Let x(j) = -33*j**2 - 5578*j + 11151. Give x(2).
-137
Let j(g) = 2*g**3 - 45*g**2 - 688*g + 15341. Give j(23).
46
Let q(g) = -5310*g - 238993. Give q(-45).
-43
Let i(k) = -38*k**2 + 303*k + 358. Calculate i(9).
7
Let a(i) = i**3 - 150*i**2 + 1667*i - 1454. What is a(138)?
64
Let f(s) = s**3 - 125*s**2 + 722*s - 556. Calculate f(119).
396
Let a(l) = 11206*l + 12797271. Give a(-1142).
19
Let p(f) = f**3 + 65*f**2 + 117*f - 160. Determine p(-63).
407
Let x(w) = 18*w**2 + 27*w - 473. Give x(10).
1597
Let j(r) = -r**3 + 118*r**2 - 238*r + 630. What is j(116)?
-66
Let v(z) = -30*z**2 + 341*z + 22. Calculate v(11).
143
Let o(b) = -b**2 - 1081*b - 22294. Calculate o(-21).
-34
Let q(p) = -2*p**3 - 1085*p**2 - 13263*p - 6946. Calculate q(-530).
-56
Let w(y) = y**3 + 856*y**2 + 9531*y + 10706. Determine w(-10).
-4
Let l(v) = -3249*v + 39040. Determine l(12).
52
Let a(q) = -247*q - 73. Calculate a(2).
-567
Let g(c) = 2*c**3 - 491*c**2 - 613*c - 31623. What is g(247)?
-7
Let t(c) = 2534*c - 78558. What is t(31)?
-4
Let n(x) = -1546*x + 281339. Give n(182).
-33
Let j(i) = -i**3 + 1292*i**2 + 3304*i + 752415. What is j(1295)?
20
Let w(n) = 5*n**2 + 8932*n + 8925. Give w(-1).
-2
Let z(a) = -2*a**2 + 12838*a + 115713. Give z(-9).
9
Let b(l) = 2*l**2 + 23*l - 195. Give b(8).
117
Let q(i) = -129740*i - 3113780. What is q(-24)?
-20
Let u(r) = 188*r + 1095. Calculate u(0).
1095
Let t(y) = y**3 + 25*y**2 + 22*y + 5. What is t(-25)?
-545
Let u(r) = -193*r**2 - 4665*r - 23208. Calculate u(-7).
-10
Let i(f) = -17096*f - 512999. Give i(-30).
-119
Let c(g) = g**3 + 14*g**2 + 21*g - 126. Calculate c(-11).
6
Let l(k) = 188*k + 2247. Determine l(-16).
-761
Let a(q) = 58782*q - 117751. Calculate a(2).
-187
Let c(z) = z**3 + 98*z**2 + 1244*z - 149. Give c(-83).
-66
Let p(a) = -59*a**2 + 1455*a - 1007. Determine p(24).
-71
Let t(i) = 587*i - 92506. Calculate t(158).
240
Let z(f) = 16*f**2 + 354*f + 1079. What is z(-24)?
1799
Let u(g) = 4405*g + 2084. What is u(-1)?
-2321
Let l(c) = -4*c**3 - 635*c**2 + 3439*c - 400. What is l(-164)?
420
Let a(f) = -1264*f - 147872. Give a(-117).
16
Let s(w) = 9*w**3 - 41*w**2 - 218*w - 321. What is s(-3)?
-279
Let s(y) = 37*y - 1535. What is s(44)?
93
Let s(x) = x**3 + 315*x**2 - 960*x - 1931. Give s(-318).
-23
Let z(y) = 102182*y - 1634910. Calculate z(16).
2
Let a(s) = 117*s - 20199. What is a(173)?
42
Let f(n) = 5*n**3 - 13*n**2 - 29*n - 848. What is f(7)?
27
Let u(j) = 92*j**2 + 1442*j + 923. Give u(-15).
-7
Let r(w) = -871*w - 17730. Calculate r(-19).
-1181
Let k(u) = -u**2 + 75*u - 1174. Calculate k(27).
122
Let f(p) = 2*p**3 + 206*p**2 + 203*p - 13. Determine f(-102).
89
Let h(f) = 45644*f - 593367. What is h(13)?
5
Let b(c) = 787*c + 180215. Calculate b(-229).
-8
Let k(o) = -2*o**3 + 4*o**2 + 305*o + 469. Determine k(0).
469
Let y(a) = 2*a**3 - 187*a**2 + 2754*a + 1571. Give y(75).
-4
Let b(k) = -120879*k - 120883. Give b(-1).
-4
Let z(c) = c**3 + 5*c**2 - 446*c - 3040. Determine z(-7).
-16
Let u(z) = -z**2 + 2917*z + 386583. Determine u(-127).
-5
Let f(q) = -q**3 - 186*q**2 - 920*q - 2848. What is f(-181)?
-133
Let q(s) = s**3 + 40*s**2 - 54*s - 348. Give q(-41).
185
Let l(b) = -b**3 - 77*b**2 - 1396*b - 33. Calculate l(-29).
83
Let u(d) = 3*d**2 + 75*d - 8205. Determine u(-65).
-405
Let c(v) = v**3 + 75*v**2 + 671*v - 2156. Give c(-64).
-44
Let d(w) = 2*w**2 - 158*w + 2942. Give d(15).
1022
Let u(k) = 571*k**2 + 15963*k - 710. What is u(-28)?
-10
Let n(u) = -14344*u - 43456. What is n(-3)?
-424
Let s(b) = b**3 - 49*b**2 - 312*b + 17065. Give s(46).
-3635
Let p(d) = 5719*d + 22533. Give p(-4).
-343
Let y(v) = -v**2 + 860*v - 179261. Calculate y(354).
-137
Let g(